{"id":287,"date":"2020-07-13T10:23:16","date_gmt":"2020-07-13T08:23:16","guid":{"rendered":"http:\/\/observatoire-asap.org\/?page_id=287"},"modified":"2020-07-13T10:23:16","modified_gmt":"2020-07-13T08:23:16","slug":"economie","status":"publish","type":"page","link":"https:\/\/asap.dever.fr\/index.php\/economie\/","title":{"rendered":"\u00c9conomie"},"content":{"rendered":"\n<ul><li><a href=\"http:\/\/observatoire-asap.org\/index.php\/2022\/03\/18\/les-defis-de-la-legitimite-dans-les-prises-de-decisions-delicates-le-cas-du-licenciement-de-masse\/\">Les d\u00e9fis de la l\u00e9gitimit\u00e9 dans les prises de d\u00e9cisions d\u00e9licates\u00a0: le cas du licenciement de masse<\/a> par <a href=\"http:\/\/observatoire-asap.org\/index.php\/2020\/02\/27\/jeanne-le-roy\/\">Jeanne Le Roy<\/a><\/li><li><a href=\"http:\/\/observatoire-asap.org\/index.php\/2022\/03\/17\/levolution-et-etat-des-lieux-des-reglementations-des-faillites\/\">L&#8217;\u00e9volution et \u00e9tat des lieux des r\u00e8glementations des faillites<\/a> par <a href=\"https:\/\/observatoire-asap.org\/index.php\/2021\/04\/07\/eric-severin\/\">Eric S\u00e9verin<\/a> et <a href=\"http:\/\/observatoire-asap.org\/index.php\/2022\/03\/17\/david-veganzones\/\">David Veganzones<\/a><\/li><li><a href=\"http:\/\/observatoire-asap.org\/index.php\/2022\/03\/17\/comparaison-internationale-des-reglementations-sur-les-faillites\/\">Comparaison internationale des r\u00e9glementations sur les faillites<\/a> par <a href=\"https:\/\/observatoire-asap.org\/index.php\/2021\/04\/07\/eric-severin\/\">Eric S\u00e9verin<\/a> et <a href=\"http:\/\/observatoire-asap.org\/index.php\/2022\/03\/17\/david-veganzones\/\">David Veganzones<\/a><\/li><li><a href=\"http:\/\/observatoire-asap.org\/index.php\/2022\/03\/16\/collaboration-entre-secteur-public-et-monde-de-lentreprise-lintelligence-collective-au-service-dune-strategie-industrielle\/\">Collaboration entre secteur public et monde de l&#8217;entreprise. L&#8217;intelligence collective au service d&#8217;une strat\u00e9gie industrielle<\/a> par <a href=\"http:\/\/observatoire-asap.org\/index.php\/2020\/11\/16\/eric-le-tallec\/\">Eric le Tallec<\/a><\/li><li><a href=\"http:\/\/observatoire-asap.org\/index.php\/2021\/11\/23\/oser-reinventer-le-recrutement-pour-faire-face-a-la-penurie-de-competence-en-cyber-securite\/\">Oser r\u00e9inventer le recrutement pour faire face \u00e0 la p\u00e9nurie de comp\u00e9tence en cyber s\u00e9curit\u00e9<\/a> par <a href=\"http:\/\/observatoire-asap.org\/index.php\/2020\/02\/27\/jeanne-le-roy\/\">Jeanne Le Roy<\/a><\/li><li><a href=\"http:\/\/observatoire-asap.org\/index.php\/2021\/07\/03\/hydrogene-filiere-davenir-pour-le-developpement-des-regions-et-de-lemploi\/\">Hydrog\u00e8ne : fili\u00e8re d&#8217;avenir pour le d\u00e9veloppement des r\u00e9gions et de l&#8217;emploi <\/a>par <a href=\"http:\/\/observatoire-asap.org\/index.php\/2020\/11\/16\/eric-le-tallec\/\">Eric le Tallec<\/a><\/li><li><a href=\"http:\/\/observatoire-asap.org\/index.php\/2021\/06\/24\/comment-les-partenariats-public-prive-emergent-operent-et-se-developpent-dans-les-economies-emergentes\/\">Comment les PPP se d\u00e9veloppent et op\u00e8rent dans les \u00e9conomies \u00e9mergentes ?<\/a> par <a href=\"http:\/\/observatoire-asap.org\/index.php\/2021\/06\/24\/carla-bader\/\">Carla Bader<\/a>,\u00a0<a href=\"http:\/\/observatoire-asap.org\/index.php\/2021\/06\/24\/zoe-le-squeren\/\">Zo\u00e9 Le Squeren<\/a> et <a href=\"https:\/\/observatoire-asap.org\/index.php\/2021\/02\/19\/xavier-lecocq\/\">Xavier Lecocq<\/a>  <\/li><li><a href=\"http:\/\/observatoire-asap.org\/index.php\/2021\/04\/13\/adapter-le-conseil-en-entreprise-aux-nouvelles-realites\/\">Adapter le conseil en entreprise aux nouvelles r\u00e9alit\u00e9s<\/a> par <a href=\"http:\/\/observatoire-asap.org\/index.php\/2020\/11\/18\/geoffrey-martinache\/\">Geoffrey Martinache<\/a><\/li><li><a href=\"http:\/\/observatoire-asap.org\/index.php\/2021\/04\/07\/chaines-logistiques-a-la-merci-de-grains-de-sable\/\">Cha\u00eenes logistiques\u00a0: \u00e0 la merci de grains de sable<\/a> par <a href=\"http:\/\/observatoire-asap.org\/index.php\/2021\/04\/07\/gilles-pache\/\">Gilles Pach\u00e9<\/a><\/li><li><a href=\"http:\/\/observatoire-asap.org\/index.php\/2021\/03\/15\/record-en-demi-teinte-du-nombre-de-creation-dentreprises-nouveaux-defis-pour-les-politiques-publiques-entrepreneuriales\/\">Nombre de cr\u00e9ation d\u2019entreprises et politique publique entrepreneuriale: nouveaux d\u00e9fis<\/a> par <a href=\"http:\/\/observatoire-asap.org\/wp-admin\/post.php?post=1340&amp;action=edit\">Karim Messeghem<\/a><\/li><li><a href=\"http:\/\/observatoire-asap.org\/index.php\/2021\/03\/15\/les-risques-financiers-climatiques\/\">Les risques financiers climatiques<\/a> par <a href=\"http:\/\/observatoire-asap.org\/index.php\/2021\/03\/15\/gael-giraud\/\">Ga\u00ebl Giraud<\/a>,\u00a0<a href=\"http:\/\/observatoire-asap.org\/index.php\/2021\/03\/15\/christian-nicol\/\">Christian Nicol<\/a> et <a href=\"http:\/\/observatoire-asap.org\/wp-admin\/post.php?post=718&amp;action=edit\">Isabelle Nicola\u00ef<\/a><\/li><li><a href=\"http:\/\/observatoire-asap.org\/index.php\/2021\/04\/27\/penser-lapres-covid-19-linnovation-comme-levier-strategique\/\">Penser l\u2019apr\u00e8s COVID-19\u00a0: l\u2019innovation comme levier strat\u00e9gique\u00a0?<\/a> par <a href=\"http:\/\/observatoire-asap.org\/index.php\/2020\/11\/13\/elizabeth-couzineau-zegwaard\/\">Elizabeth Couzineau-Zegwaard<\/a> et <a href=\"http:\/\/observatoire-asap.org\/index.php\/2021\/04\/27\/nicolas-anne\/\">Nicolas Anne<\/a><\/li><li><a href=\"http:\/\/observatoire-asap.org\/index.php\/2021\/02\/14\/urgence-a-faire-de-la-formation-initiale-en-international-business-une-filiere-dexcellence\/\">Urgence \u00e0 faire de la formation en \u00ab International Business \u00bb une fili\u00e8re d\u2019excellence<\/a> par <a href=\"http:\/\/observatoire-asap.org\/index.php\/2020\/11\/16\/eric-le-tallec\/\">Eric Le Tallec<\/a><\/li><li><a href=\"http:\/\/observatoire-asap.org\/index.php\/2021\/02\/10\/comment-evaluer-les-impacts-socio-economiques-dun-dispositif-public\/\">Comment \u00e9valuer les impacts socio-\u00e9conomiques d\u2019un dispositif public\u00a0?<\/a> par <a href=\"http:\/\/observatoire-asap.org\/index.php\/2021\/02\/05\/henri-savall\/\">Henri Savall<\/a> et <a href=\"http:\/\/observatoire-asap.org\/index.php\/2021\/02\/05\/francoise-goter\/\">Fran\u00e7oise Goter<\/a><\/li><li><a href=\"https:\/\/observatoire-asap.org\/index.php\/2021\/02\/07\/le-management-strategique-dans-les-organismes-publics-de-recherche-tensions-et-specificites\/\">Le management strat\u00e9gique dans les organismes publics de recherche : Tensions et sp\u00e9cificit\u00e9s<\/a> par <a href=\"http:\/\/observatoire-asap.org\/index.php\/2020\/11\/18\/julien-fernando\/\">Julien Fernando<\/a><\/li><li><a href=\"http:\/\/observatoire-asap.org\/index.php\/2021\/01\/29\/quand-les-foncieres-se-musclent-pour-repondre-aux-enjeux-du-grand-paris-les-enjeux-dune-fusion-public-prive\/\">Quand les fonci\u00e8res se musclent face aux enjeux du Grand Paris : le cas d\u2019une fusion public-priv\u00e9<\/a> par <a href=\"http:\/\/observatoire-asap.org\/index.php\/2020\/11\/23\/anne-sophie-thelisson\/\">Anne-Sophie Thelisson<\/a><\/li><li><a href=\"http:\/\/observatoire-asap.org\/index.php\/2021\/01\/26\/la-fusion-psa-fiat-chrysler-la-perte-dun-fleuron-industriel-francais\/\">La fusion PSA &#8211; Fiat Chrysler, la perte d&#8217;un fleuron industriel fran\u00e7ais?<\/a> par <a href=\"http:\/\/observatoire-asap.org\/index.php\/2020\/11\/21\/ulrike-mayrhofer\/\">Ulrike Mayrhofer<\/a><\/li><li><a href=\"http:\/\/observatoire-asap.org\/index.php\/2020\/12\/14\/les-bonnes-pratiques-du-management-a-distance\/\">Les bonnes pratiques du management \u00e0 distance<\/a> par <a href=\"http:\/\/observatoire-asap.org\/index.php\/2020\/11\/23\/michel-barabel\/\">Michel Barabel<\/a>, <a href=\"https:\/\/observatoire-asap.org\/index.php\/2020\/12\/14\/sabrina-hedroug\/\">Sabrina Hedroug<\/a> et <a href=\"https:\/\/observatoire-asap.org\/index.php\/2020\/12\/14\/melanie-gaultier\/\">M\u00e9lanie Gaultier<\/a><\/li><li><a href=\"http:\/\/observatoire-asap.org\/index.php\/2020\/12\/07\/comment-optimiser-le-recrutement-dans-un-etablissement-de-la-fonction-publique-detat\/\">Comment optimiser le recrutement dans un \u00e9tablissement de la fonction publique d\u2019\u00c9tat<\/a> par <a href=\"http:\/\/observatoire-asap.org\/index.php\/2020\/11\/30\/stefen-simon\/\">Stefen Simon<\/a><\/li><li><a href=\"http:\/\/observatoire-asap.org\/index.php\/2020\/11\/30\/comprendre-lopposition-et-ses-modalites-dans-le-processus-dinnovation-organisationnelle\/\">Comprendre l\u2019opposition et ses modalit\u00e9s dans le processus d\u2019innovation<\/a> par <a href=\"http:\/\/observatoire-asap.org\/index.php\/2020\/11\/30\/sebastien-knockaert\/\">S\u00e9bastien Knockaert<\/a> et<a href=\"http:\/\/observatoire-asap.org\/index.php\/2020\/02\/14\/francois-grima\/\"> Fran\u00e7ois Grima<\/a><\/li><li><a href=\"http:\/\/observatoire-asap.org\/index.php\/2020\/11\/28\/processus-de-decisions-et-investissements-environnementaux\/\">Processus de d\u00e9cisions et investissements environnementaux<\/a> par <a href=\"http:\/\/observatoire-asap.org\/index.php\/2020\/11\/26\/guillaume-schier\/\">Guillaume Schier<\/a><\/li><li><a href=\"http:\/\/observatoire-asap.org\/index.php\/2020\/11\/19\/laction-publique-rehabilitee-dans-laction-economique-relance-et-croissance\/\">L\u2019action publique r\u00e9habilit\u00e9e dans l\u2019action \u00e9conomique : relance et croissance<\/a> par <a href=\"http:\/\/observatoire-asap.org\/index.php\/2020\/11\/13\/elizabeth-couzineau-zegwaard\/\">Elizabeth Couzineau-Zegwaard<\/a><\/li><li><a href=\"http:\/\/observatoire-asap.org\/index.php\/2020\/11\/20\/le-changement-et-linnovation-au-sein-des-organisations-a-travers-lapproche-de-la-deviance-positive\/\">Le changement et l\u2019innovation au sein des organisations \u00e0 travers la d\u00e9viance positive<\/a><em> <\/em>par <a href=\"http:\/\/observatoire-asap.org\/index.php\/2020\/11\/06\/mathilde-briere\/\">Mathilde Bri\u00e8re<\/a> et <a href=\"http:\/\/observatoire-asap.org\/index.php\/2020\/02\/27\/jeanne-le-roy\/\">Jeanne Le Roy<\/a><\/li><li><a href=\"http:\/\/observatoire-asap.org\/index.php\/2020\/02\/26\/innovation-publique-et-pole-de-competitivite-vers-un-desengagement-de-letat\/\"> Innovation publique et P\u00f4le de comp\u00e9titivit\u00e9 : vers un d\u00e9sengagement de l\u2019\u00c9tat<\/a> par <a href=\"http:\/\/observatoire-asap.org\/index.php\/2020\/02\/02\/olivier-meier\/\">Olivier Meier<\/a><\/li><li><a href=\"http:\/\/observatoire-asap.org\/index.php\/2020\/07\/16\/quelle-place-pour-letat-dans-le-dialogue-social-dans-les-tres-petites-entreprises-une-lecture-critique\/\">Quelle place pour l\u2019\u00c9tat dans le dialogue social dans les TPE ? Une lecture critique <\/a>par <a href=\"http:\/\/observatoire-asap.org\/index.php\/2020\/02\/14\/francois-grima\/\">Fran\u00e7ois Grima<\/a> et <a href=\"http:\/\/observatoire-asap.org\/index.php\/2020\/07\/21\/philippe-sin\/\">Philippe Sin<\/a><\/li><\/ul>\n","protected":false},"excerpt":{"rendered":"<p>Les d\u00e9fis de la l\u00e9gitimit\u00e9 dans les prises de d\u00e9cisions d\u00e9licates\u00a0: le cas du licenciement de masse par Jeanne Le Roy L&#8217;\u00e9volution et \u00e9tat des lieux des r\u00e8glementations des faillites par Eric S\u00e9verin et David Veganzones Comparaison internationale des r\u00e9glementations sur les faillites par Eric S\u00e9verin et David Veganzones Collaboration entre secteur public et monde &hellip; <\/p>\n","protected":false},"author":1,"featured_media":284,"parent":0,"menu_order":0,"comment_status":"closed","ping_status":"closed","template":"","meta":{"footnotes":""},"_links":{"self":[{"href":"https:\/\/asap.dever.fr\/index.php\/wp-json\/wp\/v2\/pages\/287"}],"collection":[{"href":"https:\/\/asap.dever.fr\/index.php\/wp-json\/wp\/v2\/pages"}],"about":[{"href":"https:\/\/asap.dever.fr\/index.php\/wp-json\/wp\/v2\/types\/page"}],"author":[{"embeddable":true,"href":"https:\/\/asap.dever.fr\/index.php\/wp-json\/wp\/v2\/users\/1"}],"replies":[{"embeddable":true,"href":"https:\/\/asap.dever.fr\/index.php\/wp-json\/wp\/v2\/comments?post=287"}],"version-history":[{"count":0,"href":"https:\/\/asap.dever.fr\/index.php\/wp-json\/wp\/v2\/pages\/287\/revisions"}],"wp:featuredmedia":[{"embeddable":true,"href":"https:\/\/asap.dever.fr\/index.php\/wp-json\/wp\/v2\/media\/284"}],"wp:attachment":[{"href":"https:\/\/asap.dever.fr\/index.php\/wp-json\/wp\/v2\/media?parent=287"}],"curies":[{"name":"wp","href":"https:\/\/api.w.org\/{rel}","templated":true}]}}