{"id":1284,"date":"2020-12-01T11:01:51","date_gmt":"2020-12-01T10:01:51","guid":{"rendered":"http:\/\/observatoire-asap.org\/?page_id=1284"},"modified":"2020-12-01T11:01:51","modified_gmt":"2020-12-01T10:01:51","slug":"societal","status":"publish","type":"page","link":"https:\/\/asap.dever.fr\/index.php\/societal\/","title":{"rendered":"Soci\u00e9tal"},"content":{"rendered":"<ul>\n<li><a href=\"http:\/\/observatoire-asap.org\/index.php\/2022\/02\/14\/la-pensee-dedgar-morin-a-la-rescousse-de-linextricable-complexite-de-lethique-des-algorithmes\/\">La pens\u00e9e d&#8217;Edgar Morin \u00e0 la rescousse de l&#8217;inextricable complexit\u00e9 de l&#8217;\u00e9thique des algorithmes<\/a> par <a href=\"http:\/\/observatoire-asap.org\/index.php\/2022\/02\/07\/sylvie-michel\/\">Sylvie Michel<\/a>, <a href=\"http:\/\/observatoire-asap.org\/index.php\/2022\/02\/07\/sylvie-gerbaix\/\">Sylvie Gerbaix<\/a> et <a href=\"http:\/\/observatoire-asap.org\/index.php\/2022\/01\/04\/marc-bidan\/\">Marc Bidan<\/a><\/li>\n<li><a href=\"http:\/\/observatoire-asap.org\/index.php\/2022\/02\/09\/la-face-sombre-de-la-motivation-de-service-public\/\">La face sombre de la motivation de service public<\/a> par <a href=\"http:\/\/observatoire-asap.org\/index.php\/2020\/02\/14\/francois-grima\/\">Fran\u00e7ois Grima<\/a> et <a href=\"http:\/\/observatoire-asap.org\/index.php\/2021\/03\/23\/irene-georgescu\/\">Ir\u00e8ne Georgescu<\/a><\/li>\n<li><a href=\"http:\/\/observatoire-asap.org\/index.php\/2022\/02\/07\/de-la-complexite-des-questions-ethiques-liees-aux-systemes-algorithmiques\/\">De la complexit\u00e9 des questions \u00e9thiques li\u00e9es aux syst\u00e8mes algorithmiques<\/a> par <a href=\"http:\/\/observatoire-asap.org\/index.php\/2022\/02\/07\/sylvie-michel\/\">Sylvie Michel<\/a>, <a href=\"http:\/\/observatoire-asap.org\/index.php\/2022\/02\/07\/sylvie-gerbaix\/\">Sylvie Gerbaix<\/a> et <a href=\"http:\/\/observatoire-asap.org\/index.php\/2022\/01\/04\/marc-bidan\/\">Marc Bidan<\/a><\/li>\n<li><a href=\"http:\/\/observatoire-asap.org\/index.php\/2022\/02\/01\/tatouage-et-droit-duo-de-raison-dune-evolution-societale\/\">Tatouage et droit : duo de raison d\u2019une \u00e9volution soci\u00e9tale<\/a> par <a href=\"http:\/\/observatoire-asap.org\/index.php\/2020\/11\/13\/elizabeth-couzineau-zegwaard\/\">Elizabeth Couzineau-Zegwaard<\/a><\/li>\n<li><a href=\"https:\/\/observatoire-asap.org\/index.php\/2022\/01\/25\/sujets-sensibles-en-logistique-sous-la-menace-du-wokisme\/\">Sujets sensibles en logistique\u00a0: sous la menace du <em>wokisme<\/em> ?<\/a> par <a href=\"https:\/\/observatoire-asap.org\/index.php\/2021\/04\/07\/gilles-pache\/\">Gilles Pach\u00e9<\/a><\/li>\n<li><a href=\"http:\/\/observatoire-asap.org\/index.php\/2022\/01\/15\/le-secteur-de-la-sante-comme-contexte-detude-pour-la-logistique-et-le-supply-chain-management\/\">Le secteur de la sant\u00e9 comme contexte d&#8217;\u00e9tude pour la logistique et le SCM<\/a> par <a href=\"http:\/\/observatoire-asap.org\/index.php\/2022\/01\/15\/blandine-ageron\/\">Blandine Ageron<\/a>, <a href=\"http:\/\/observatoire-asap.org\/index.php\/2021\/01\/19\/omar-bentahar\/\">Omar Bentahar<\/a> et <a href=\"https:\/\/observatoire-asap.org\/index.php\/2021\/01\/19\/smail-benzidia\/\">Smail Benzidia<\/a><\/li>\n<li><span class=\"current\"><a href=\"https:\/\/observatoire-asap.org\/index.php\/2022\/01\/06\/recherche-en-terrain-sensible-risques-et-impact\/\">Recherche en terrain sensible : risques et impact<\/a><\/span> par <a href=\"http:\/\/observatoire-asap.org\/index.php\/2020\/02\/14\/francois-grima\/\" data-rich-text-format-boundary=\"true\">Fran\u00e7ois Grima<\/a> et <a href=\"http:\/\/observatoire-asap.org\/index.php\/2020\/02\/02\/olivier-meier\/\">Olivier Meier<\/a><\/li>\n<li><span class=\"current\"><a href=\"https:\/\/observatoire-asap.org\/index.php\/2021\/12\/31\/les-ambassadeurs-et-ambassadrices-du-tri-un-metier-meconnu-au-service-des-collectivites-et-une-fonction-singuliere-promouvoir-des-ecogestes\/\">Les ambassadeurs et ambassadrices du tri, un m\u00e9tier m\u00e9connu au service des collectivit\u00e9s<\/a><\/span> par <a href=\"http:\/\/observatoire-asap.org\/index.php\/2020\/07\/16\/xavier-brisbois\/\">Xavier Brisbois<\/a> et <a href=\"http:\/\/observatoire-asap.org\/index.php\/2020\/02\/02\/lolita-rubens\/\">Lolita Rubens<\/a><\/li>\n<li><a href=\"http:\/\/observatoire-asap.org\/index.php\/2021\/12\/14\/le-leadership-nest-pas-une-competence\/\">Le leadership n\u2019est pas une comp\u00e9tence<\/a> par <a href=\"http:\/\/observatoire-asap.org\/index.php\/2021\/04\/02\/eric-jean-garcia\/\">Eric-Jean Garcia<\/a><\/li>\n<li><a href=\"http:\/\/observatoire-asap.org\/index.php\/2021\/12\/09\/le-temps-social-des-femmes-a-lepreuve-du-teletravail\/\">Le temps social des femmes \u00e0 l\u2019\u00e9preuve du t\u00e9l\u00e9travail<\/a> par <a href=\"http:\/\/observatoire-asap.org\/index.php\/2020\/11\/13\/elizabeth-couzineau-zegwaard\/\">Elizabeth Couzineau-Zegwaard<\/a><\/li>\n<li><a href=\"http:\/\/observatoire-asap.org\/index.php\/2021\/11\/25\/de-lestime-de-soi-ressentie-a-lauto-evaluation-estimee-le-cas-de-la-gendarmerie-francaise\/\">De l\u2019estime de soi ressentie \u00e0 l\u2019auto-\u00e9valuation estim\u00e9e : le cas de la gendarmerie fran\u00e7aise<\/a> par <a href=\"http:\/\/observatoire-asap.org\/index.php\/2020\/10\/24\/aude-deville\/\">Aude Deville<\/a> et <a href=\"http:\/\/observatoire-asap.org\/index.php\/2021\/11\/25\/armando-de-oliveira\/\">Armando De Oliveira<\/a><\/li>\n<li><a href=\"http:\/\/observatoire-asap.org\/index.php\/2022\/01\/30\/hommage-a-serge-moscovici-figure-de-la-psychologie-sociale\/\">Hommage \u00e0 Serge Moscovici, figure de la psychologie sociale<\/a> par <a href=\"http:\/\/observatoire-asap.org\/index.php\/2020\/02\/02\/olivier-meier\/\">Olivier Meier<\/a><\/li>\n<li><a href=\"http:\/\/observatoire-asap.org\/index.php\/2021\/07\/05\/la-theorie-de-lacceptabilite-est-elle-acceptable\/\">La th\u00e9orie de l&#8217;acceptabilit\u00e9 est-elle acceptable ?<\/a>\u00a0 par <a href=\"http:\/\/observatoire-asap.org\/index.php\/2020\/11\/17\/baptiste-rappin\/\">Baptiste Rappin<\/a><\/li>\n<li><a href=\"http:\/\/observatoire-asap.org\/index.php\/2021\/05\/25\/travailleurs-relocalises-contre-travailleurs-detaches\/\">Travailleurs relocalis\u00e9s vs. travailleurs d\u00e9tach\u00e9s<\/a> par <a href=\"http:\/\/observatoire-asap.org\/index.php\/2021\/05\/25\/thierry-brugvin\/\">Thierry Brugvin<\/a><\/li>\n<li><a href=\"http:\/\/observatoire-asap.org\/index.php\/2021\/04\/22\/prostitution-et-logistique-un-mariage-detonnant\/\">Prostitution et logistique : un mariage (d)\u00e9tonnant<\/a> par <a href=\"http:\/\/observatoire-asap.org\/index.php\/2021\/04\/07\/gilles-pache\/\">Gilles Pach\u00e9<\/a><\/li>\n<li><a href=\"http:\/\/observatoire-asap.org\/index.php\/2021\/04\/14\/religion-et-travail-un-apprentissage-progressif-une-polarisation-possible-des-postures-et-une-anticipation-necessaire\/\">Religion et travail : apprentissage progressif, polarisation possible des postures, anticipation n\u00e9cessaire<\/a> par <a href=\"http:\/\/observatoire-asap.org\/index.php\/2021\/03\/05\/hugo-gaillard\/\">Hugo Gaillard<\/a><\/li>\n<li><span class=\"current\"><a href=\"https:\/\/observatoire-asap.org\/index.php\/2021\/04\/07\/bauhaus-europeen-un-projet-federateur-responsable-et-interculturel\/\">Bauhaus Europ\u00e9en : un projet f\u00e9d\u00e9rateur, responsable et interculturel<\/a><\/span> par <a href=\"http:\/\/observatoire-asap.org\/index.php\/2020\/11\/16\/eric-le-tallec\/\">Eric Le Tallec<\/a><\/li>\n<li><span class=\"current\"><a href=\"https:\/\/observatoire-asap.org\/index.php\/2021\/03\/29\/lhopital-public-doit-il-sinspirer-des-cliniques-privees-en-matiere-de-developpement-des-ressources-humaines\/\">L\u2019h\u00f4pital public doit-il s\u2019inspirer des cliniques priv\u00e9es en mati\u00e8re de d\u00e9veloppement des Ressources Humaines ?<\/a><\/span> par <span class=\"current\"><a href=\"http:\/\/observatoire-asap.org\/index.php\/2020\/11\/30\/stefen-simon\/\">Stefen Simon<\/a><\/span><\/li>\n<li><a href=\"http:\/\/observatoire-asap.org\/index.php\/2021\/03\/23\/hybridation-manageriale-et-sante\/\">Hybridation manag\u00e9riale et sant\u00e9<\/a> par <a href=\"http:\/\/observatoire-asap.org\/index.php\/2021\/03\/23\/marlene-barreda\/\">Marlene Barreda<\/a>, <a href=\"http:\/\/observatoire-asap.org\/index.php\/2021\/03\/23\/irene-georgescu\/\">Ir\u00e8ne Georgescu<\/a>, <a href=\"http:\/\/observatoire-asap.org\/index.php\/2020\/02\/14\/francois-grima\/\">Fran\u00e7ois Grima<\/a>, <a href=\"http:\/\/observatoire-asap.org\/index.php\/2021\/03\/23\/gerald-naro\/\">G\u00e9rald Naro<\/a><\/li>\n<li><a href=\"http:\/\/observatoire-asap.org\/index.php\/2021\/03\/23\/la-recherche-appliquee-en-sciences-de-gestion-de-la-fiction-a-la-realite\/\">La recherche appliqu\u00e9e en Sciences de gestion. De la fiction \u00e0 la r\u00e9alit\u00e9<\/a> par <a href=\"http:\/\/observatoire-asap.org\/index.php\/2020\/11\/13\/laurent-cappelletti\/\">Laurent Cappelletti<\/a><\/li>\n<li><span class=\"current\"><a href=\"https:\/\/observatoire-asap.org\/index.php\/2021\/03\/22\/performance-socio-economique-de-linsertion-des-jeunes\/\">Performance socio-\u00e9conomique de l\u2019insertion des jeunes<\/a><\/span> par <a href=\"http:\/\/observatoire-asap.org\/index.php\/2021\/01\/19\/marc-bonnet\/\">Marc Bonnet<\/a><\/li>\n<li><a href=\"https:\/\/observatoire-asap.org\/index.php\/2021\/03\/05\/la-deviance-positive-une-solution-face-a-la-recrudescence-des-accidents-du-travail-dans-les-metiers-de-la-collecte-des-dechets\/\">La d\u00e9viance positive : Une solution face aux accidents du travail dans la collecte des d\u00e9chets<\/a><span class=\"current\"><span class=\"current\"> par<\/span><\/span> <a href=\"http:\/\/observatoire-asap.org\/index.php\/2020\/02\/27\/jeanne-le-roy\/\">Jeanne Le Roy<\/a> et <a href=\"http:\/\/observatoire-asap.org\/index.php\/2020\/11\/06\/mathilde-briere\/\">Mathilde Bri\u00e8re<\/a><\/li>\n<li><a href=\"http:\/\/observatoire-asap.org\/index.php\/2021\/03\/03\/aux-frontieres-du-handicap\/\">Aux fronti\u00e8res du Handicap<\/a> par <a href=\"http:\/\/observatoire-asap.org\/index.php\/2021\/03\/03\/alexandre-salvatori\/\">Alexandre Salvatori<\/a>, <a href=\"http:\/\/observatoire-asap.org\/index.php\/2020\/02\/14\/francois-grima\/\">Fran\u00e7ois Grima <\/a>et <a href=\"http:\/\/observatoire-asap.org\/index.php\/2021\/03\/03\/sarah-richard\/\">Sarah Richard<\/a><\/li>\n<li><span class=\"current\"><a href=\"https:\/\/observatoire-asap.org\/index.php\/2021\/02\/02\/lapproche-de-la-deviance-positive-au-sein-dun-environnement-carceral\/\">L\u2019approche de la d\u00e9viance positive au sein d\u2019un environnement carc\u00e9ral<\/a><\/span> par <a href=\"http:\/\/observatoire-asap.org\/index.php\/2020\/11\/06\/mathilde-briere\/\">Mathilde Bri\u00e8re<\/a><\/li>\n<li><span class=\"current\"><a href=\"http:\/\/observatoire-asap.org\/index.php\/2020\/12\/17\/quand-la-deviance-positive-entre-a-lhopital-une-approche-de-changement-social-et-comportemental-au-service-de-la-reduction-des-infections-nosocomiales\/\">Quand la d\u00e9viance positive entre \u00e0 l\u2019h\u00f4pital<\/a><\/span> par <a href=\"http:\/\/observatoire-asap.org\/index.php\/2020\/11\/06\/mathilde-briere\/\">Mathilde Bri\u00e8re<\/a><\/li>\n<li><a href=\"https:\/\/observatoire-asap.org\/index.php\/2020\/12\/10\/comprendre-la-socialisation-des-expatries-atypiques-le-cas-des-pretres-missionnaires-africains-en-france\/\">Comprendre la socialisation des expatri\u00e9s atypiques : les pr\u00eatres missionnaires africains<\/a> par <a href=\"http:\/\/observatoire-asap.org\/index.php\/2020\/02\/14\/francois-grima\/\">Fran\u00e7ois Grima<\/a> et <a href=\"http:\/\/observatoire-asap.org\/index.php\/2021\/04\/30\/isaac-hounge\/\">Isaac Houngue<\/a><\/li>\n<li><a href=\"http:\/\/observatoire-asap.org\/index.php\/2020\/12\/07\/lethique-de-la-rhetorique-a-la-pratique\/\">L&#8217;\u00e9thique : de la rh\u00e9torique \u00e0 la pratique<\/a> par <a href=\"http:\/\/observatoire-asap.org\/index.php\/2020\/11\/19\/carole-doueiry-verne\/\">Carole Douery Verne<\/a><\/li>\n<li><span class=\"current\"><a href=\"http:\/\/observatoire-asap.org\/index.php\/2020\/12\/02\/elections-americaines-processus-damerique-et-dailleurs\/\">\u00c9lections Am\u00e9ricaines \u2013 Processus d\u2019Am\u00e9rique et d\u2019Ailleurs<\/a><\/span> par <a href=\"http:\/\/observatoire-asap.org\/index.php\/2020\/10\/27\/isabelle-portelinha\/\">Isabelle Portelinha<\/a><\/li>\n<li><span class=\"current\"><a href=\"https:\/\/observatoire-asap.org\/index.php\/2021\/03\/23\/gestion-de-la-crise-sanitaire-analyse-et-enseignements-par-les-18-principes-taoistes\/\">Gestion de la crise sanitaire : analyse et enseignements par les 18 principes tao\u00efstes<\/a><\/span> par <span class=\"current\"><a href=\"https:\/\/observatoire-asap.org\/index.php\/2021\/03\/24\/laurent-chateau\/\">Laurent Chateau<\/a><\/span><\/li>\n<li><a href=\"http:\/\/observatoire-asap.org\/index.php\/2020\/07\/16\/laction-publique-cest-aussi-agir-sur-les-comportements\/\" data-rich-text-format-boundary=\"true\">L\u2019action publique, c\u2019est aussi agir sur les comportements !<\/a> par <a href=\"http:\/\/observatoire-asap.org\/index.php\/2020\/07\/16\/xavier-brisbois\/\">Xavier Brisbois<\/a> et <a href=\"http:\/\/observatoire-asap.org\/index.php\/2020\/02\/02\/lolita-rubens\/\">Lolita Rubens<\/a><\/li>\n<li><a href=\"http:\/\/observatoire-asap.org\/index.php\/2020\/11\/17\/la-gouvernance-des-associations-enjeux-et-specificites\/\">La gouvernance des associations : enjeux et sp\u00e9cificit\u00e9s<\/a> par <a href=\"http:\/\/observatoire-asap.org\/index.php\/2020\/02\/02\/olivier-meier\/\">Olivier Meier<\/a><\/li>\n<\/ul>\n","protected":false},"excerpt":{"rendered":"<p>La pens\u00e9e d&#8217;Edgar Morin \u00e0 la rescousse de l&#8217;inextricable complexit\u00e9 de l&#8217;\u00e9thique des algorithmes par Sylvie Michel, Sylvie Gerbaix et Marc Bidan La face sombre de la motivation de service public par Fran\u00e7ois Grima et Ir\u00e8ne Georgescu De la complexit\u00e9 des questions \u00e9thiques li\u00e9es aux syst\u00e8mes algorithmiques par Sylvie Michel, Sylvie Gerbaix et Marc Bidan &hellip; <\/p>\n","protected":false},"author":1,"featured_media":1283,"parent":0,"menu_order":0,"comment_status":"closed","ping_status":"closed","template":"","meta":{"footnotes":""},"_links":{"self":[{"href":"https:\/\/asap.dever.fr\/index.php\/wp-json\/wp\/v2\/pages\/1284"}],"collection":[{"href":"https:\/\/asap.dever.fr\/index.php\/wp-json\/wp\/v2\/pages"}],"about":[{"href":"https:\/\/asap.dever.fr\/index.php\/wp-json\/wp\/v2\/types\/page"}],"author":[{"embeddable":true,"href":"https:\/\/asap.dever.fr\/index.php\/wp-json\/wp\/v2\/users\/1"}],"replies":[{"embeddable":true,"href":"https:\/\/asap.dever.fr\/index.php\/wp-json\/wp\/v2\/comments?post=1284"}],"version-history":[{"count":0,"href":"https:\/\/asap.dever.fr\/index.php\/wp-json\/wp\/v2\/pages\/1284\/revisions"}],"wp:featuredmedia":[{"embeddable":true,"href":"https:\/\/asap.dever.fr\/index.php\/wp-json\/wp\/v2\/media\/1283"}],"wp:attachment":[{"href":"https:\/\/asap.dever.fr\/index.php\/wp-json\/wp\/v2\/media?parent=1284"}],"curies":[{"name":"wp","href":"https:\/\/api.w.org\/{rel}","templated":true}]}}