{"id":1014,"date":"2020-11-25T15:12:15","date_gmt":"2020-11-25T14:12:15","guid":{"rendered":"http:\/\/observatoire-asap.org\/?page_id=1014"},"modified":"2020-11-25T15:12:15","modified_gmt":"2020-11-25T14:12:15","slug":"debattre","status":"publish","type":"page","link":"https:\/\/asap.dever.fr\/index.php\/debattre\/","title":{"rendered":"D\u00e9battre"},"content":{"rendered":"<p style=\"text-align: justify;\"><span style=\"font-family: Noto Serif;\"><a href=\"http:\/\/observatoire-asap.org\/index.php\/tribunes\/\"><strong>Nourrir les d\u00e9bats<\/strong>&nbsp;<\/a> : fonctions r\u00e9galiennes (d\u00e9fense, s\u00e9curit\u00e9, s\u00fbret\u00e9), politiques sociale et culturelle (diversit\u00e9, \u00e9ducation, pr\u00e9carit\u00e9, sant\u00e9), avenir de la recherche (programmation, financement, statut), politiques de relance et de croissance (aide aux entreprises, soutien \u00e0 l&#8217;innovation, digitalisation), d\u00e9centralisation\/centralisation, subsidiarit\u00e9, dialogue social, espace public r\u00e9el et virtuel&#8230;&nbsp;<\/span><\/p>\n<p style=\"text-align: justify;\"><span style=\"font-family: Noto Serif;\"><strong>Favoriser les \u00e9changes<\/strong> entre des acteurs d\u2019univers et de disciplines diff\u00e9rents (droit, sociologie, sciences politiques, \u00e9conomie, gestion\u2026), pour les inciter \u00e0 collaborer dans le cadre de projets transversaux au service de&nbsp;&nbsp; l\u2019action publique et territoriale.<\/span><\/p>\n<p><\/p>\n\n\n<figure class=\"wp-block-table\"><table><tbody><tr><td><u>Au niveau de la Presse et des M\u00e9dias<\/u> (<a href=\"http:\/\/observatoire-asap.org\/index.php\/2020\/02\/02\/olivier-meier\/\">O. Meier<\/a>, <a href=\"http:\/\/observatoire-asap.org\/index.php\/2020\/02\/27\/fabrice-hamelin\/\">F. Hamelin<\/a>)<br>Presse nationale et r\u00e9gionale<br>M\u00e9dias audiovisuels (TV, radios)<br>M\u00e9dias en ligne<\/td><\/tr><\/tbody><\/table><\/figure>\n\n\n\n<figure class=\"wp-block-table\"><table><tbody><tr><td><u>Au niveau de l&#8217;organisation des colloques et des conf\u00e9rences<\/u> (<a href=\"http:\/\/observatoire-asap.org\/index.php\/2020\/02\/02\/lolita-rubens\/\">L. Rubens<\/a>, <a href=\"http:\/\/observatoire-asap.org\/index.php\/2021\/02\/01\/marine-fouquet\/\">M. Fouquet<\/a>)<br>Conf\u00e9rences<br>Colloques et s\u00e9minaires<br>Rencontres institutionnelles<\/td><\/tr><\/tbody><\/table><\/figure>\n","protected":false},"excerpt":{"rendered":"<p>Nourrir les d\u00e9bats&nbsp; : fonctions r\u00e9galiennes (d\u00e9fense, s\u00e9curit\u00e9, s\u00fbret\u00e9), politiques sociale et culturelle (diversit\u00e9, \u00e9ducation, pr\u00e9carit\u00e9, sant\u00e9), avenir de la recherche (programmation, financement, statut), politiques de relance et de croissance (aide aux entreprises, soutien \u00e0 l&#8217;innovation, digitalisation), d\u00e9centralisation\/centralisation, subsidiarit\u00e9, dialogue social, espace public r\u00e9el et virtuel&#8230;&nbsp; Favoriser les \u00e9changes entre des acteurs d\u2019univers et de &hellip; <\/p>\n","protected":false},"author":1,"featured_media":0,"parent":0,"menu_order":0,"comment_status":"closed","ping_status":"closed","template":"","meta":{"footnotes":""},"_links":{"self":[{"href":"https:\/\/asap.dever.fr\/index.php\/wp-json\/wp\/v2\/pages\/1014"}],"collection":[{"href":"https:\/\/asap.dever.fr\/index.php\/wp-json\/wp\/v2\/pages"}],"about":[{"href":"https:\/\/asap.dever.fr\/index.php\/wp-json\/wp\/v2\/types\/page"}],"author":[{"embeddable":true,"href":"https:\/\/asap.dever.fr\/index.php\/wp-json\/wp\/v2\/users\/1"}],"replies":[{"embeddable":true,"href":"https:\/\/asap.dever.fr\/index.php\/wp-json\/wp\/v2\/comments?post=1014"}],"version-history":[{"count":0,"href":"https:\/\/asap.dever.fr\/index.php\/wp-json\/wp\/v2\/pages\/1014\/revisions"}],"wp:attachment":[{"href":"https:\/\/asap.dever.fr\/index.php\/wp-json\/wp\/v2\/media?parent=1014"}],"curies":[{"name":"wp","href":"https:\/\/api.w.org\/{rel}","templated":true}]}}